 factors of 193542761?
193542761
List the prime factors of 20673512.
2, 41, 63029
List the prime factors of 294564878.
2, 43, 1621, 2113
List the prime factors of 8784118.
2, 7, 19, 33023
What are the prime factors of 35243290?
2, 5, 19, 185491
What are the prime factors of 20011201?
7, 109, 26227
What are the prime factors of 245943665?
5, 11, 197, 22699
What are the prime factors of 84918772?
2, 21229693
What are the prime factors of 1289401743?
3, 7, 41, 797, 1879
What are the prime factors of 3192396903?
3, 354710767
List the prime factors of 376100196.
2, 3, 31341683
What are the prime factors of 76290615?
3, 5, 1695347
List the prime factors of 290311917.
3, 7, 421, 4691
List the prime factors of 33435534.
2, 3, 11, 506599
List the prime factors of 1363045929.
3, 7, 107, 606607
List the prime factors of 113953547.
1657, 68771
List the prime factors of 1458690425.
5, 58347617
List the prime factors of 51103016.
2, 6387877
What are the prime factors of 18434564?
2, 199, 23159
What are the prime factors of 27514810?
2, 5, 2751481
List the prime factors of 864802197.
3, 7, 43, 106411
List the prime factors of 8280611805.
3, 5, 552040787
List the prime factors of 903857317.
11, 587, 139981
What are the prime factors of 4030515091?
17, 29, 480911
What are the prime factors of 8735767032?
2, 3, 59, 6169327
What are the prime factors of 437790703?
7, 5839, 10711
List the prime factors of 892215845.
5, 17, 10496657
List the prime factors of 329483007.
3, 7, 29, 25763
List the prime factors of 1278479054.
2, 47, 103, 132047
List the prime factors of 754517731.
11, 68592521
What are the prime factors of 59153880?
2, 3, 5, 17, 107, 271
List the prime factors of 360345278.
2, 23, 340591
What are the prime factors of 2538654147?
3, 1669, 169007
What are the prime factors of 38775251?
2777, 13963
What are the prime factors of 151230325?
5, 829, 7297
List the prime factors of 988817408.
2, 29, 16649
List the prime factors of 3095463.
3, 7, 223, 661
What are the prime factors of 78846824?
2, 7, 29, 47, 1033
What are the prime factors of 123924069?
3, 23, 26029
What are the prime factors of 39724151?
23, 1727137
What are the prime factors of 1240726656?
2, 3, 13, 248543
List the prime factors of 21538492.
2, 5384623
What are the prime factors of 393579166?
2, 53, 349, 10639
List the prime factors of 62015890.
2, 5, 43, 144223
List the prime factors of 14278519.
19, 277, 2713
What are the prime factors of 85575845?
5, 17115169
List the prime factors of 53916377.
53916377
What are the prime factors of 191782100?
2, 5, 17, 37, 3049
What are the prime factors of 1939399913?
11, 176309083
List the prime factors of 381720054.
2, 3, 2297, 27697
List the prime factors of 84868571.
1459, 58169
What are the prime factors of 1234252203?
3, 157, 2620493
What are the prime factors of 178118297?
7, 47, 11519
List the prime factors of 14607698.
2, 7, 251, 4157
What are the prime factors of 271461095?
5, 54292219
List the prime factors of 2089302639.
3, 696434213
What are the prime factors of 3557612071?
13, 467, 45077
What are the prime factors of 1116955678?
2, 558477839
List the prime factors of 254086372.
2, 4733, 13421
What are the prime factors of 374887742?
2, 199, 941929
List the prime factors of 799774233.
3, 61, 839, 5209
List the prime factors of 4388466.
2, 3, 269, 2719
What are the prime factors of 29508220?
2, 5, 7, 210773
What are the prime factors of 12514660?
2, 5, 29, 21577
What are the prime factors of 216972364?
2, 7, 61, 127033
What are the prime factors of 1017571499?
7, 17, 359, 23819
List the prime factors of 10148290.
2, 5, 23, 44123
List the prime factors of 64601961.
3, 21533987
List the prime factors of 99642373.
9227, 10799
What are the prime factors of 491439623?
491439623
List the prime factors of 1575639418.
2, 31, 25413539
What are the prime factors of 304989426?
2, 3, 7, 7057
List the prime factors of 51651517.
51651517
What are the prime factors of 4428962841?
3, 67, 1931, 11411
What are the prime factors of 2591060406?
2, 3, 11, 17, 2309323
What are the prime factors of 2065003077?
3, 17107, 40237
List the prime factors of 28146218.
2, 14073109
What are the prime factors of 1207981367?
23, 52520929
List the prime factors of 98360341.
1871, 52571
List the prime factors of 519293017.
89, 443, 13171
List the prime factors of 199792852.
2, 7, 7135459
What are the prime factors of 54330297?
3, 7, 2587157
What are the prime factors of 7503692953?
7503692953
What are the prime factors of 4315840?
2, 5, 13487
List the prime factors of 2496242.
2, 7, 37, 61, 79
What are the prime factors of 6931519?
7, 283, 3499
What are the prime factors of 4974436307?
1523, 3266209
What are the prime factors of 773274881?
23, 31, 173, 6269
List the prime factors of 13135318.
2, 7, 29, 32353
List the prime factors of 8471024.
2, 499, 1061
List the prime factors of 789085615.
5, 157817123
What are the prime factors of 44558165?
5, 8911633
What are the prime factors of 728421580?
2, 5, 41, 888319
List the prime factors of 5226581790.
2, 3, 5, 1429, 40639
What are the prime factors of 772365439?
29, 347, 76753
List the prime factors of 62735364.
2, 3, 211, 2753
List the prime factors of 97791921.
3, 71, 139, 367
What are the prime factors of 301888379?
13, 47, 71, 6959
What are the prime factors of 96431972?
2, 7, 13, 43, 61, 101
What are the prime factors of 82225822?
2, 7, 59, 14221
List the prime factors of 52799726.
2, 7, 241, 15649
What are the prime factors of 37017301?
19, 41, 61
What are the prime factors of 382931159?
13, 29456243
List the prime factors of 217872312.
2, 3, 7, 467, 2777
What are the prime factors of 1116571835?
5, 1087, 205441
List the prime factors of 848638614.
2, 3, 107, 1321867
List the prime factors of 872583818.
2, 5669, 76961
List the prime factors of 2940972416.
2, 22976347
What are the prime factors of 177942909?
3, 239, 248177
What are the prime factors of 16988947?
16988947
List the prime factors of 1996352077.
103, 19382059
List the prime factors of 1204496.
2, 83, 907
What are the prime factors of 47147192?
2, 5893399
List the prime factors of 138812684.
2, 17, 2041363
What are the prime factors of 142284113?
191, 503, 1481
List the prime factors of 35968943.
4549, 7907
What are the prime factors of 86793226?
2, 13, 3338201
What are the prime factors of 686729540?
2, 5, 7, 19, 431, 599
What are the prime factors of 3868045956?
2, 3, 31, 3465991
List the prime factors of 231246068.
2, 41, 1410037
List the prime factors of 15802574.
2, 7901287
What are the prime factors of 64700013?
3, 7, 37, 83269
List the prime factors of 219547300.
2, 5, 7, 313639
What are the prime factors of 2871730852?
2, 2801, 256313
What are the prime factors of 214077229?
53, 331, 12203
What are the prime factors of 5044165045?
5, 37, 127, 214691
List the prime factors of 319594484.
2, 11, 127, 57193
List the prime factors of 71238150.
2, 3, 5, 52769
What are the prime factors of 1674375468?
2, 3, 9689, 14401
What are the prime factors of 64268200?
2, 5, 321341
What are the prime factors of 229082880?
2, 3, 5, 13, 353
What are the prime factors of 260888982?
2, 3, 43481497
What are the prime factors of 4238716215?
3, 5, 282581081
What are the prime factors of 86717093?
8389, 10337
What are the prime factors of 1341817629?
3, 197, 1129, 2011
List the prime factors of 4154271546.
2, 3, 23, 53, 383, 1483
List the prime factors of 90902092.
2, 22725523
List the prime factors of 6656347.
6656347
What are the prime factors of 45335519?
45335519
List the prime factors of 4754547007.
7, 227, 317, 9439
List the prime factors of 4717661122.
2, 53, 59, 754343
What are the prime factors of 4845085098?
2, 3, 7, 109, 1058341
What are the prime factors of 5193485578?
2, 5701, 455489
What are the prime factors of 106136875?
5, 13, 13063
What are the prime factors of 2963564308?
2, 740891077
What are the prime factors of 5275503581?
5275503581
List the prime factors of 277146652.
2, 69286663
What are the prime factors of 21772402?
2, 877, 12413
List the prime factors of 244597555.
5, 127, 385193
List the prime factors of 52878755.
5, 17, 622103
What are the prime factors of 286848254?
2, 7, 11, 266093
List the prime factors of 434136507.
3, 7, 4001, 5167
List the 